 0 = 41*n - 101448 - 151901 - 46853. What is the hundreds digit of n?
3
Let h(r) = r**2 - 14*r + 15. Let o be h(13). Suppose -2*z + 34 = -4*z - 2*g, -o*g = 5*z + 70. What is the tens digit of (-147)/z - (-9)/12?
1
Let p be -1 + 6*10/(-15) - -243. Let a = 874 - p. What is the units digit of a?
6
Let b = 50374 + -24587. Suppose 0 = 24*x - 12109 - b. What is the tens digit of x?
7
Suppose 5*x + 3*c = 50 - 14, 3*c + 6 = 2*x. Suppose 4*z - 856 = -4*l, -x = -z + 3*z. What is the tens digit of l?
1
Let o(g) = -g**2 - 3*g. Let t be o(-3). Suppose t = 3*a - 2*v + 6, 0*a - 3*a + 5*v - 15 = 0. What is the tens digit of a + 3 + (-12 - -96)?
8
Suppose -c - 36 = 36. Let i = c - -128. What is the hundreds digit of (-588)/i*(-14)/4*4?
1
Let c = -1326 + 10499. What is the tens digit of c?
7
Let b(n) = -7*n - 62. Let o be b(-21). Let j = 89 - o. What is the units digit of 172 + ((-4)/16 - 3/j)?
1
Suppose -2*z - 2*z = 80. Let m be (5/z)/(4/(-16)). What is the units digit of (m - (-9)/4)/(1/20)?
5
Let b(x) = -13*x**2 - 39*x - 513. Let a(s) = 7*s**2 + 21*s + 256. Let q(i) = -11*a(i) - 6*b(i). What is the thousands digit of q(-38)?
1
What is the units digit of (-99)/(-45)*-5 - -6774?
3
Suppose -3*c + 352 = -2*s, 249 = 2*c + 5*s - 11. Let z(p) = 59*p + 3. Let g be z(3). Suppose -d - b + c = -6*b, -5*b = 2*d - g. What is the units digit of d?
0
Let o be -3*124/12*2. Let n be -4 + 0 + 7 + 1. Let s = n - o. What is the tens digit of s?
6
Suppose 72*r - 1926624 = -12*r. What is the ten thousands digit of r?
2
Suppose 921355 + 63289 = -23*w + 97*w. What is the tens digit of w?
0
Let r = 329 - -109. Let v = 1465 - r. What is the tens digit of v?
2
Let j(q) = -11*q + 8. Let b be j(1). What is the hundreds digit of 12*(b - (-31 - 0))?
3
Let c = -54 - -70. Let f = 25 - c. Suppose f*y - 737 = 91. What is the units digit of y?
2
Suppose -2*t + 1069 = -3*g - 207, 4*g - 660 = -t. Let f = t - 30. What is the tens digit of f?
1
Suppose 62631 = 11*f - 37887. What is the units digit of f?
8
Let n(q) = -q**3 - 3*q**2 - q. Let t = 2 + -5. Let a be n(t). Suppose 0 = a*x - 5 + 2. What is the units digit of x?
1
Let p(g) = 417*g + 57. Let s be p(19). Suppose 0 = 3*t - 22*t + s. What is the hundreds digit of t?
4
Suppose 2*z - n = 9858, -2*z + 4*n = -12999 + 3147. What is the hundreds digit of z?
9
Suppose 924*r - 309078 = 915*r. What is the tens digit of r?
4
Let q(a) = -138*a - 1231. What is the tens digit of q(-13)?
6
Let p = -4336 + 9710. What is the thousands digit of p?
5
Suppose 0 = -2*n + 19*t + 24917, 18*n - 17*n = -t + 12490. What is the tens digit of n?
8
Suppose -7*j + 18515 + 9961 = 0. What is the units digit of j?
8
Let u = 25 + -23. Let p be (-3)/(9/(-3)) - u. What is the tens digit of 25 - (-5 + 0) - (p + 0)?
3
Suppose -2004 = 3*a - 5*y, a + 0*y = 5*y - 668. Let c = a + 1077. What is the tens digit of c?
0
What is the hundreds digit of 11/(-2)*(56/(-196))/((-2)/(-5558))?
3
Let p(n) be the third derivative of 35*n**4/4 - 5*n**3 - 45*n**2. Let c be p(-11). What is the tens digit of 6/9*c/(-8)?
9
Suppose -1146780 = 10*c - 287*c. What is the thousands digit of c?
4
Let c = -88 + 46. Let o = -34 - c. Suppose -o*i + 67 = -61. What is the units digit of i?
6
Let r(s) = -1575*s + 147. What is the hundreds digit of r(-6)?
5
Suppose 4*o = 5*h + 415, -o + 155 - 52 = -h. Let f = 117 - o. What is the units digit of f?
7
Let j(r) = -r + 13. Let o be j(11). Suppose 6*l + o*l - 704 = 0. Suppose 4*n + 497 = 5*i, -3*n + l = i - 0*i. What is the units digit of i?
7
Let c = 10823 + -6349. What is the thousands digit of c?
4
Let j(y) = -y**3 - 7*y**2 + 12*y + 2. Suppose s - 2*b = -4 + 28, 2 = 2*b. Suppose 2*r - 1 = t, -2*t - s = -0*t + 2*r. What is the tens digit of j(t)?
5
Let i(k) = -62*k**3 - 24*k**2 - 120*k - 109. What is the ten thousands digit of i(-11)?
8
Suppose 22*c = 24*c + 24. Let n(l) = -7*l**2 - 14*l - 6. Let h be n(c). What is the tens digit of 15/105 - h/7?
2
Suppose 96 = -8*o - 80. Let r = o - -24. Suppose 0 = 6*h + r*h - 768. What is the units digit of h?
6
Let c = -817 + 7528. What is the units digit of c?
1
Suppose 0 = 29*y - 203364 + 41051. What is the units digit of y?
7
Suppose 3*l = 619 - 19. Let r = l + 1505. What is the units digit of -1 - r/(-35) - (-2)/7?
8
What is the units digit of 10*(-48)/640 - 61630/(-8)?
3
Suppose 2*o - 5636 = -2*m, -17*m + 2*o = -14*m - 8449. Let j = m - 1846. What is the tens digit of j?
7
Let x(h) be the third derivative of h**5/20 - h**4/2 - 253*h**3/6 - 2*h**2 - 58. What is the tens digit of x(-14)?
0
Suppose -5860015 = -255*a + 4594985. What is the hundreds digit of a?
0
What is the thousands digit of (-36 + 37)*(8497 + 2)?
8
Let j = 20351 - 11510. What is the thousands digit of j?
8
Suppose -3*d - 27 = -3*j, -d = -j - 4*d + 1. Suppose j*a - 4666 - 1662 = 0. Suppose -a = -4*r - 4*r. What is the tens digit of r?
1
Let h be (-2)/(-3) + 2/6. Suppose 0 = -12*y + 155 + 205. What is the tens digit of (-36)/18 + h + y?
2
Let w = 43 + -40. Suppose -2 = -5*v - 4*k + 7, w*k - 3 = -3*v. Suppose 4*z = 16, 2*q - 7*q - v*z = -960. What is the tens digit of q?
8
Suppose -1870323 = 114*x - 331*x. What is the tens digit of x?
1
Let o(g) be the second derivative of 0 - 1/2*g**3 + 17/2*g**2 - 7*g. What is the tens digit of o(-6)?
3
Suppose 5*s + r = 517, -s + 21 = -2*r - 78. Let c = 375 - s. What is the units digit of c?
2
Let f(o) = -68*o + 14. Let t(i) = -69*i + 15. Let q(z) = 4*f(z) - 5*t(z). What is the hundreds digit of q(5)?
3
Suppose 13096*l - 13109*l + 395863 = 0. What is the ten thousands digit of l?
3
Let g(k) = -k**3 - 5*k**2 + 2*k + 15. Let c be g(-5). Suppose -y + 738 = p, 2182 = -c*p + 8*p - 5*y. What is the units digit of p?
4
Let x = 435 - 435. What is the thousands digit of -10 - -1202 - (-4 + 3)*x?
1
Suppose 0 = 95*p + 28*p - 446121. What is the hundreds digit of p?
6
What is the thousands digit of 7 + 2870 + (9 - 8/1)?
2
Let w(k) = 13532*k**2 - 151*k + 150. What is the units digit of w(1)?
1
What is the thousands digit of 81/9 + 4 + 2568?
2
Let h be 16468/27 + (-24)/(-324). Suppose 0*a + h = 2*a. What is the hundreds digit of a?
3
Let k = -8144 - -4780. Let u = 5221 + k. What is the units digit of u?
7
Let s(w) = -2*w - 14 + 14 - 24. Let p be s(-13). Suppose -c + 51 = -p. What is the tens digit of c?
5
Suppose -336*w + 318*w = -33786. Suppose -5*d - u - 422 + w = 0, -3*u = 15. What is the tens digit of d?
9
Suppose -28 - 668 = 79*z + 8*z. Let p(n) be the third derivative of -3*n**4/8 - 11*n**3/6 - 2*n**2. What is the units digit of p(z)?
1
Let b = -148 - -149. Let v(z) = 745*z**2 - 4*z. What is the hundreds digit of v(b)?
7
Let m be 4 + 8/(-12)*3. Suppose -3*y - 3 = 5*r, -y + 2 = m*r - 3*y. Suppose r = 19*k - 21*k + 114. What is the tens digit of k?
5
Let p = 27152 + -11129. What is the thousands digit of p?
6
Suppose 357 = -2*k - k. Suppose 6*u - 1337 = -u. Let q = u + k. What is the units digit of q?
2
Let a be (-1 - 6)*-1 + -4. Suppose 4*d + p - 865 = 2*p, -3*p = -a*d + 651. What is the tens digit of d?
1
Let a be (33 - 29)*(-1)/(0 - 1). Let f(w) = 2*w**2 + 14 + 0*w + 0*w - a*w - 11*w. What is the tens digit of f(12)?
2
Let z be -2 + (-3 + 7)/(-4) + 4. What is the tens digit of z*-402*12/(-5 + -1)?
0
Suppose 3*k = 2*k + 5, 5*a + k - 9545 = 0. Suppose 7*l = -368 + a. What is the units digit of 4 + (96/(-40))/((-6)/l)?
2
Let f(s) = -274*s + 31. Let d be f(-11). Suppose d = -3*n + 8*n. What is the tens digit of n?
0
Let i = -3021 + 3555. What is the hundreds digit of i?
5
Let n = -3506 - -3953. What is the hundreds digit of n?
4
Suppose -31*w + 26*w = -25. Suppose -w*z - 5*v + 26 + 174 = 0, 2*v = -z + 35. What is the tens digit of z?
4
Suppose 2*u = -w - 19, 0 = 5*w - 0*w + 5. Let j be 2/u - ((-48)/(-27) - 6). Suppose -j*c = 3*g - 337, -2*g + 5*g + 367 = 4*c. What is the units digit of c?
8
Let g = 13097 + 2574. What is the tens digit of g?
7
Suppose 68*t - 185*t + 1972032 = 75*t. What is the tens digit of t?
7
Let g(z) = -z**3 + 3*z**2 + z + 19. Suppose 0 = 5*v - 4*m - 18, -3*v = -4*m + 3*m - 8. Suppose -f + 1 = 2*t - 1, v*f = 5*t + 4. What is the tens digit of g(t)?
1
Suppose 25*r - 26*r - 28*r + 263871 = 0. What is the thousands digit of r?
9
Let p be 4 + (-3)/(-1) + -4. Suppose 3*z = -5*g + 1891, 4*g - 1299 = p*z + 203. Let a = g